z = 0, -2*c + p*c = z - 9. Suppose -2*j + 3 = c*q, 5*j = -0*j - 15. What are the prime factors of q?
3
Let n be (-7)/5 + (-12)/20. List the prime factors of -4*(-1)/((-2)/n).
2
Let m = 14 + -12. Suppose -12 = -m*p - 2*p. List the prime factors of p.
3
Let v be -1 + 4 + -2 + 18. Suppose -48 = -16*b + 14*b. Suppose -y - b = -2*q + 2*y, 3*q = -4*y + v. What are the prime factors of q?
3
Let c = 206 + -113. What are the prime factors of c?
3, 31
Let b(j) = 3*j + 5. List the prime factors of b(4).
17
Suppose -2*g = i - 0*i - 1, -3*g - 3*i - 6 = 0. Suppose -4*z - g*u = -2*z - 15, 16 = 2*z + 2*u. Suppose -3*q + 39 = z. List the prime factors of q.
2, 5
Let w(x) = 26*x**2 - x. Let i be w(1). Suppose -3*b = -32 - i. List the prime factors of b.
19
Let c be -1*(-2 - (0 + -1)). Let w be c/1*-1 + -2. Let u(k) = -k + 3. List the prime factors of u(w).
2, 3
Let o = 2 + 41. What are the prime factors of o?
43
Let c be (-1)/((-7)/(-6) - 1). Let n(g) = -g**3 + 7*g**2 - 5*g - 2. Let s be n(6). Let r = s - c. List the prime factors of r.
2, 5
Let p(u) = 26*u + 3. What are the prime factors of p(4)?
107
Suppose -5*i + 91 = 3*u - u, -3*i - 5*u = -47. Suppose p - 12 = -z + i, -4*p - 26 = -z. List the prime factors of z.
2, 3, 5
Let t = 81 - 76. What are the prime factors of t?
5
Suppose -3*v = -8 + 2. Suppose -2*f + 3*c = f - 12, -14 = -f - c. Let t = f + v. What are the prime factors of t?
11
Let i(a) = -a**3 - 8*a + 3*a - 8 + 2*a + 7*a**2. Let y be (4/(-2) - -5)*2. What are the prime factors of i(y)?
2, 5
Let c be 8*(0 - 1*-1). Let u(h) be the first derivative of h**4/4 - 7*h**3/3 - 4*h**2 + 11*h - 6. List the prime factors of u(c).
11
Let x(t) = -12*t**3 - 4*t**3 + 1 + t + 4*t**3. Let n = -8 - -7. What are the prime factors of x(n)?
2, 3
Suppose 200 = 4*s + s. Suppose -3*c - 2*c + s = 0. List the prime factors of c.
2
Let m(c) = 2*c**3 + c**2 + c - 1. Let d be m(1). Suppose -3*h + 4*y + y = -88, d*y = 4*h - 99. What are the prime factors of h?
3, 7
Let z be (-1 - -3) + 19 + -1. Let y = z + -8. List the prime factors of y.
2, 3
Let i = -11 + 36. List the prime factors of i - (0 - -2) - 3.
2, 5
Let s(h) be the first derivative of h**4/2 - 4*h**3/3 + 3*h**2/2 - 2*h + 1. Let c be s(3). Suppose 7*r - 2*r - c = 0. List the prime factors of r.
5
Suppose 6*l - l = 2*r + 547, -4*l + 4*r = -440. What are the prime factors of l?
109
Let u be (-2)/1 + (-2)/2. Let z be u/(-3) + 10 + -1. Suppose -2*g = 3*g - z. What are the prime factors of g?
2
Let d(s) = s**2 - 14*s + 18. Let f be d(13). Suppose 0 = 5*a - 20, -f*v - 4*a = -8*a - 39. What are the prime factors of v?
11
Let v = 8 - 6. Suppose 2*g - 174 = -g. List the prime factors of v/(-4) - g/(-4).
2, 7
Let y = -158 + 113. What are the prime factors of ((-2)/(-6))/((-3)/y)?
5
Suppose -38 = 5*t + 117. Let i = -14 - t. What are the prime factors of i?
17
Let n be 6/(-24) - (-138)/8. Let s = n + -7. What are the prime factors of s?
2, 5
List the prime factors of (-8)/12*-3 - 0.
2
Let h(q) = q**3 + 11*q**2 + 11*q + 12. Let r = 18 + 22. Suppose -7*s = -3*s + r. List the prime factors of h(s).
2
What are the prime factors of 20 - -2 - 1/(-1)?
23
Let x = -28 - -23. Let o = 39 + x. What are the prime factors of o?
2, 17
Suppose 4*l + 5*h = -0*l + 175, l - 34 = 2*h. List the prime factors of l.
2, 5
Suppose 5*n + 52 = 3*l - 0*l, 3*l - n - 32 = 0. Suppose 5 = q, 0 = -k - 3*q + 10 + l. Suppose 5*z = x - 5, x + k*x - 25 = z. What are the prime factors of x?
5
Let t(v) = 2*v - 7. List the prime factors of t(8).
3
Let p(a) = 4*a. Let m be p(2). Let u = 20 - m. What are the prime factors of u?
2, 3
What are the prime factors of (152 - (-15)/5) + 1?
2, 3, 13
Let g(h) = h**3 + 28*h**2 + 24*h + 5. List the prime factors of g(-27).
2, 43
Suppose 0 = 2*y - 1 - 7. Suppose y*r = -2*q + 12, 15 = -q + 2*q + 5*r. Suppose -o + 18 = 2*s, q = 2*s - 6*o + 2*o - 18. List the prime factors of s.
3
Let n(i) = -i**3 - i + 21. Let r be n(0). Let q = -3 - -16. Let o = r - q. List the prime factors of o.
2
Let s = 127 - -192. What are the prime factors of s?
11, 29
Suppose -2*v + 3*c + c = -150, -2*c = 2*v - 120. What are the prime factors of v?
5, 13
Let x = 7 + -5. What are the prime factors of x?
2
List the prime factors of 2*(-81)/(-6) - -1.
2, 7
Suppose -m + 0*m - 70 = 4*i, 2 = -m. Let x = -10 - i. Suppose -w - 3*l + x = w, 4*w - 3*l = 23. What are the prime factors of w?
5
Suppose -3*p = 2*p. Suppose 5*c + 3*h - 9 = p, 4*c + 3 - 12 = -3*h. Suppose c = 3*n - 0*n - 39. List the prime factors of n.
13
Let v(y) = y**3 - 14*y**2 + 14*y - 10. What are the prime factors of v(13)?
3
Suppose 2*s = -4*d - 48, -5*s = -d - s - 30. Let l = d + 21. What are the prime factors of l?
7
Suppose 3*n + 4*i = -3, 4 + 1 = -5*n + 2*i. Let g = 2 - n. What are the prime factors of g?
3
Let f(d) = d**2 + 2*d + 49. List the prime factors of f(-11).
2, 37
Suppose 2*w - 1 - 3 = 0. Suppose -w*b = -b - 5. Suppose 36 = -2*i + b*i. What are the prime factors of i?
2, 3
Let j(z) = -z + 30. List the prime factors of j(0).
2, 3, 5
Suppose -5 = l + l - i, -4*i + 4 = -4*l. Let o(u) = -u**3 - 5*u**2 - 5*u - 1. List the prime factors of o(l).
3
List the prime factors of ((-10)/4)/((-3)/6).
5
Suppose 0*y - 4*y + 8 = 0. Suppose 5*n - 70 = -5*s, 2*n = -y - 4. What are the prime factors of s?
17
Let t(d) = -5 - 3*d + 17*d + 7*d**2 - 8*d**2. What are the prime factors of t(11)?
2, 7
Suppose -4*z - 1 + 13 = 0. Suppose -4*y + 21 = -3*r - 66, -z*r = -y + 24. Suppose w + 4 = y. What are the prime factors of w?
17
Suppose 0*f = 5*f - 2*a - 1788, -2*a = 3*f - 1076. What are the prime factors of f?
2, 179
Let j = 18 - 11. Let x(s) = -s**3 + 9*s**2 - 11*s + 7. List the prime factors of x(j).
2, 7
Let j = -9 + 12. Let t = 10 - j. Let r = -1 + t. List the prime factors of r.
2, 3
Let c = -55 - -161. What are the prime factors of c?
2, 53
Let w(i) = 2*i - 6. Let m be w(4). Suppose m*k = 7 + 5. Let n = -4 + k. What are the prime factors of n?
2
Let z(r) = -r + 9. Let t be z(7). Let h(b) = -3*b + 1 + t*b + 3*b. List the prime factors of h(1).
3
Let i(n) = -n**3 - n**2 + n + 4. Suppose f = -f. Let j be i(f). What are the prime factors of (0 + (-22)/j)*-2?
11
Let z(a) = 3*a**2 - 38*a - 15. Let m(x) = -x**2 + 13*x + 5. Let l(d) = -11*m(d) - 4*z(d). List the prime factors of l(7).
19
Let o(z) = -z**3 - 4*z**2 + 2*z - 4. Let w(l) = -l + 3. Let k be w(8). List the prime factors of o(k).
11
Suppose -5 = 4*l + 15. Suppose -2*o + 8*g = 3*g - 22, -5*o = -g - 55. Let x = l + o. List the prime factors of x.
2, 3
Let w(u) = u**2 + 3*u + 6. Let t be w(-4). Suppose 1 + 3 = h. Suppose h*j - t = 18. List the prime factors of j.
7
Suppose 0 = 5*c - 5*n + 170, -2 = -c + 3*n - 26. Let w = 6 - c. What are the prime factors of w?
3, 5
List the prime factors of 249/13 + 12/(-78).
19
Let k(j) be the second derivative of j**4/12 - 5*j**3/3 + 5*j**2 - 2*j. Let s be k(10). Suppose -2*m + s = -10. List the prime factors of m.
2, 5
Suppose 2*p + 80 = 3*v, 3*p - 4*p - 28 = -v. What are the prime factors of v?
2, 3
Let a(k) = 5*k**2. Let m be a(-1). Suppose -m*w - 2*f = -111, -5*w - 4*f + 114 = -f. What are the prime factors of w?
3, 7
Let l = 773 - 499. List the prime factors of l.
2, 137
Let t(y) = 5*y**2 + y - 1. Let l be t(1). Suppose l*n - 12 = 2*n. What are the prime factors of n?
2
Let k(t) be the third derivative of -t**5/60 + t**4/4 - 2*t**3/3 - t**2. Let h be k(3). Suppose -2*y + h*y - 18 = 0. List the prime factors of y.
2, 3
Let b = -12 - -7. Let m(i) = i**2 + 4*i - 4. Let v be m(b). Let z = 1 + v. List the prime factors of z.
2
Let w(z) = z + 3. Let y be w(-5). List the prime factors of -28*4/(-4) + y.
2, 13
Let i = 110 - -2. List the prime factors of i.
2, 7
Suppose 2*d = -d. Suppose d*i + 16 = 2*i. Suppose 3*k = i*k - 55. What are the prime factors of k?
11
Let d be 8*(21/6 + -3). Let h be 11/(-44) - (-17)/d. Suppose 0 = 6*f - h*f - 22. What are the prime factors of f?
11
Suppose 5*p - 10 = -4*s + 3*s, 5*s = 0. What are the prime factors of (-7)/p*4/(-2)?
7
Let u be 3 + 6 + -3 + 2. Suppose t = -0*t + u. What are the prime factors of t?
2
Let o(a) = a**3 - 4*a**2 + 4*a + 1. Let f be o(3). Suppose 4*j + z = 25, 3*j + 0*j = f*z - 5. List the prime factors of j.
5
Suppose 4 = -2*s - 6, -185 = -5*k + 4*s. What are the prime f